{"id":204,"date":"2026-03-07T17:57:52","date_gmt":"2026-03-07T16:57:52","guid":{"rendered":"http:\/\/fewo-homann.de\/?page_id=204"},"modified":"2026-03-07T18:33:14","modified_gmt":"2026-03-07T17:33:14","slug":"umgebung","status":"publish","type":"page","link":"http:\/\/fewo-homann.de\/?page_id=204","title":{"rendered":"Umgebung"},"content":{"rendered":"\n<h2 class=\"wp-block-heading\">Veranstaltungen im Ostseebad Dahme<\/h2>\n\n\n\n<p>Im Ostseebad Dahme werden das ganze Jahr \u00fcber zahlreiche Veranstaltungen f\u00fcr G\u00e4ste angeboten. Besonders in den Sommermonaten erwarten Sie abwechslungsreiche Events wie stimmungsvolle Feuerwerke oder die traditionelle G\u00e4stebegr\u00fc\u00dfung.<br>Auch im Sp\u00e4tsommer und Herbst ist einiges geboten \u2013 zum Beispiel die beliebte Dorfdisco oder das bekannte Fischerbudenfest im September.<br>Wenn Sie weitere Veranstaltungen w\u00e4hrend Ihres Aufenthalts entdecken m\u00f6chten, finden Sie eine aktuelle \u00dcbersicht hier:<\/p>\n\n\n\n<p><a href=\"https:\/\/www.dahme.com\/veranstaltungen\/\">https:\/\/www.dahme.com\/veranstaltungen\/<\/a><\/p>\n\n\n\n<h2 class=\"wp-block-heading\">Strandspa Dahme<\/h2>\n\n\n\n<p>Im StrandSPA des Ostseebades Dahme ist Entspannung garantiert. Ob in der wohltuenden Meersalzgrotte oder bei einer entspannenden Massage \u2013 hier k\u00f6nnen Sie den Alltag hinter sich lassen und neue Energie tanken.<\/p>\n\n\n\n<p>Auch f\u00fcr alle, die sich im Urlaub sportlich bet\u00e4tigen m\u00f6chten, ist gesorgt: Ein modernes Fitnessstudio bietet ideale M\u00f6glichkeiten f\u00fcr ein aktives Training.<\/p>\n\n\n\n<p><a href=\"https:\/\/www.strandspa-dahme.de\/startseite\">https:\/\/www.strandspa-dahme.de\/startseite<\/a><\/p>\n\n\n\n<p><\/p>\n","protected":false},"excerpt":{"rendered":"<p>Veranstaltungen im Ostseebad Dahme Im Ostseebad Dahme werden das ganze Jahr \u00fcber zahlreiche Veranstaltungen f\u00fcr G\u00e4ste angeboten. Besonders in den Sommermonaten erwarten Sie abwechslungsreiche Events wie stimmungsvolle Feuerwerke oder die traditionelle G\u00e4stebegr\u00fc\u00dfung.Auch im Sp\u00e4tsommer und Herbst ist einiges geboten \u2013 zum Beispiel die beliebte Dorfdisco oder das bekannte Fischerbudenfest im September.Wenn Sie weitere Veranstaltungen w\u00e4hrend &hellip; <\/p>\n<p class=\"link-more\"><a href=\"http:\/\/fewo-homann.de\/?page_id=204\" class=\"more-link\"><span class=\"screen-reader-text\">\u201eUmgebung\u201c <\/span>weiterlesen<\/a><\/p>\n","protected":false},"author":1,"featured_media":0,"parent":0,"menu_order":0,"comment_status":"closed","ping_status":"closed","template":"","meta":{"_uag_custom_page_level_css":"","footnotes":""},"class_list":["post-204","page","type-page","status-publish","hentry"],"uagb_featured_image_src":{"full":false,"thumbnail":false,"medium":false,"medium_large":false,"large":false,"1536x1536":false,"2048x2048":false,"twentyseventeen-featured-image":false,"twentyseventeen-thumbnail-avatar":false},"uagb_author_info":{"display_name":"Homy73","author_link":"http:\/\/fewo-homann.de\/?author=1"},"uagb_comment_info":0,"uagb_excerpt":"Veranstaltungen im Ostseebad Dahme Im Ostseebad Dahme werden das ganze Jahr \u00fcber zahlreiche Veranstaltungen f\u00fcr G\u00e4ste angeboten. Besonders in den Sommermonaten erwarten Sie abwechslungsreiche Events wie stimmungsvolle Feuerwerke oder die traditionelle G\u00e4stebegr\u00fc\u00dfung.Auch im Sp\u00e4tsommer und Herbst ist einiges geboten \u2013 zum Beispiel die beliebte Dorfdisco oder das bekannte Fischerbudenfest im September.Wenn Sie weitere Veranstaltungen w\u00e4hrend&hellip;","_links":{"self":[{"href":"http:\/\/fewo-homann.de\/index.php?rest_route=\/wp\/v2\/pages\/204","targetHints":{"allow":["GET"]}}],"collection":[{"href":"http:\/\/fewo-homann.de\/index.php?rest_route=\/wp\/v2\/pages"}],"about":[{"href":"http:\/\/fewo-homann.de\/index.php?rest_route=\/wp\/v2\/types\/page"}],"author":[{"embeddable":true,"href":"http:\/\/fewo-homann.de\/index.php?rest_route=\/wp\/v2\/users\/1"}],"replies":[{"embeddable":true,"href":"http:\/\/fewo-homann.de\/index.php?rest_route=%2Fwp%2Fv2%2Fcomments&post=204"}],"version-history":[{"count":3,"href":"http:\/\/fewo-homann.de\/index.php?rest_route=\/wp\/v2\/pages\/204\/revisions"}],"predecessor-version":[{"id":220,"href":"http:\/\/fewo-homann.de\/index.php?rest_route=\/wp\/v2\/pages\/204\/revisions\/220"}],"wp:attachment":[{"href":"http:\/\/fewo-homann.de\/index.php?rest_route=%2Fwp%2Fv2%2Fmedia&parent=204"}],"curies":[{"name":"wp","href":"https:\/\/api.w.org\/{rel}","templated":true}]}}